{"id":2511,"date":"2025-10-13T17:29:23","date_gmt":"2025-10-13T17:29:23","guid":{"rendered":"https:\/\/ies.mx\/?page_id=2511"},"modified":"2026-03-06T22:16:09","modified_gmt":"2026-03-06T22:16:09","slug":"borrador-automatico","status":"publish","type":"page","link":"https:\/\/ies.mx\/","title":{"rendered":"Landing Page"},"content":{"rendered":"<div class=\"vce-row-container\"><div class=\"vce-row vce-row--col-gap-30 vce-row-equal-height vce-row-content--top\" data-vce-full-width=\"true\" id=\"el-76156871\" data-vce-do-apply=\"all el-76156871\"><div class=\"vce-content-background-container\"><\/div><div class=\"vce-row-content\" data-vce-element-content=\"true\"><div class=\"vce-col vce-col--md-22p vce-col--xs-1 vce-col--xs-last vce-col--xs-first vce-col--sm-last vce-col--sm-first vce-col--md-first vce-col--lg-first vce-col--xl-first\" id=\"el-995dc07c\"><div class=\"vce-col-inner\" data-vce-do-apply=\"border margin background  el-995dc07c\"><div class=\"vce-content-background-container\"><\/div><div class=\"vce-col-content\" data-vce-element-content=\"true\" data-vce-do-apply=\"padding el-995dc07c\"><div class=\"vce-button--style-outline-container vce-button--style-outline-container--align-center\"><span class=\"vce-button--style-outline-wrapper vce vce-button--style-outline-wrapper--stretched\" id=\"el-19b1638e\" data-vce-do-apply=\"margin el-19b1638e\"><a class=\"vce-button vce-button--style-outline-animated vce-button--style-outline--border-square vce-button--style-outline--size-small vce-button--style-outline-animated--color-b-33-33-33--fff--3d3d3d vce-button--style-outline-animated--border-color-e3e3e3--3d3d3d vce-button--style-outline-animated--background-color-3d3d3d\" href=\"https:\/\/ies.mx\/?page_id=2776\" title=\"Inicio\" data-vce-do-apply=\"padding border background  el-19b1638e\"><span class=\"vce-button--style-outline-text\">P\u00e1gina Principal<\/span><\/a><\/span><\/div><div class=\"vce-button--style-outline-container vce-button--style-outline-container--align-center\"><span class=\"vce-button--style-outline-wrapper vce vce-button--style-outline-wrapper--stretched\" id=\"el-5d5804fc\" data-vce-do-apply=\"margin el-5d5804fc\"><a class=\"vce-button vce-button--style-outline-animated vce-button--style-outline--border-square vce-button--style-outline--size-small vce-button--style-outline-animated--color-b-33-33-33--fff--3d3d3d vce-button--style-outline-animated--border-color-e3e3e3--3d3d3d vce-button--style-outline-animated--background-color-3d3d3d\" href=\"https:\/\/ies.mx\/?page_id=2524\" title=\"Plataformas IES\" data-vce-do-apply=\"padding border background  el-5d5804fc\"><span class=\"vce-button--style-outline-text\">Plataformas IES<\/span><\/a><\/span><\/div><div class=\"vce-button--style-outline-container vce-button--style-outline-container--align-center\"><span class=\"vce-button--style-outline-wrapper vce vce-button--style-outline-wrapper--stretched\" id=\"el-d81e32a4\" data-vce-do-apply=\"margin el-d81e32a4\"><a class=\"vce-button vce-button--style-outline-animated vce-button--style-outline--border-square vce-button--style-outline--size-small vce-button--style-outline-animated--color-b-33-33-33--fff--3d3d3d vce-button--style-outline-animated--border-color-e3e3e3--3d3d3d vce-button--style-outline-animated--background-color-3d3d3d\" href=\"https:\/\/www.ies-dl.net\/calendario\" title=\"Eventos\" data-vce-do-apply=\"padding border background  el-d81e32a4\"><span class=\"vce-button--style-outline-text\">Eventos<\/span><\/a><\/span><\/div><div class=\"vce-button--style-outline-container vce-button--style-outline-container--align-center\"><span class=\"vce-button--style-outline-wrapper vce vce-button--style-outline-wrapper--stretched\" id=\"el-705af2aa\" data-vce-do-apply=\"margin el-705af2aa\"><a class=\"vce-button vce-button--style-outline-animated vce-button--style-outline--border-square vce-button--style-outline--size-small vce-button--style-outline-animated--color-b-33-33-33--fff--3d3d3d vce-button--style-outline-animated--border-color-e3e3e3--3d3d3d vce-button--style-outline-animated--background-color-3d3d3d\" href=\"https:\/\/ies.mx\/?page_id=3\" title=\"Pol\u00edtica de Privacidad\" data-vce-do-apply=\"padding border background  el-705af2aa\"><span class=\"vce-button--style-outline-text\">Pol\u00edtica de  Privacidad<\/span><\/a><\/span><\/div><div class=\"vce-button--style-outline-container vce-button--style-outline-container--align-center\"><span class=\"vce-button--style-outline-wrapper vce vce-button--style-outline-wrapper--stretched\" id=\"el-b8747d83\" data-vce-do-apply=\"margin el-b8747d83\"><a class=\"vce-button vce-button--style-outline-animated vce-button--style-outline--border-square vce-button--style-outline--size-small vce-button--style-outline-animated--color-b-33-33-33--fff--3d3d3d vce-button--style-outline-animated--border-color-e3e3e3--3d3d3d vce-button--style-outline-animated--background-color-3d3d3d\" href=\"https:\/\/ies.mx\/?page_id=306\" title=\"Pol\u00edtica de Calidad\" data-vce-do-apply=\"padding border background  el-b8747d83\"><span class=\"vce-button--style-outline-text\">Pol\u00edtica de  Calidad<\/span><\/a><\/span><\/div><div class=\"vce-button--style-outline-container vce-button--style-outline-container--align-center\"><span class=\"vce-button--style-outline-wrapper vce vce-button--style-outline-wrapper--stretched\" id=\"el-5ef81884\" data-vce-do-apply=\"margin el-5ef81884\"><a class=\"vce-button vce-button--style-outline-animated vce-button--style-outline--border-square vce-button--style-outline--size-small vce-button--style-outline-animated--color-b-33-33-33--fff--3d3d3d vce-button--style-outline-animated--border-color-e3e3e3--3d3d3d vce-button--style-outline-animated--background-color-3d3d3d\" href=\"https:\/\/ies.mx\/?page_id=955\" title=\"SEAES\" data-vce-do-apply=\"padding border background  el-5ef81884\"><span class=\"vce-button--style-outline-text\">SEAES<\/span><\/a><\/span><\/div><div class=\"vce-button--style-outline-container vce-button--style-outline-container--align-center\"><span class=\"vce-button--style-outline-wrapper vce vce-button--style-outline-wrapper--stretched\" id=\"el-3213940b\" data-vce-do-apply=\"margin el-3213940b\"><a class=\"vce-button vce-button--style-outline-animated vce-button--style-outline--border-square vce-button--style-outline--size-small vce-button--style-outline-animated--color-b-33-33-33--fff--3d3d3d vce-button--style-outline-animated--border-color-e3e3e3--3d3d3d vce-button--style-outline-animated--background-color-3d3d3d\" href=\"https:\/\/www.ies-dl.net\/contacto\" title=\"Contacto\" data-vce-do-apply=\"padding border background  el-3213940b\"><span class=\"vce-button--style-outline-text\">Contacto<\/span><\/a><\/span><\/div><\/div><\/div><\/div><div class=\"vce-col vce-col--md-54p vce-col--xs-1 vce-col--xs-last vce-col--xs-first vce-col--sm-last vce-col--sm-first\" id=\"el-e1a31401\"><div class=\"vce-col-inner\" data-vce-do-apply=\"border margin background  el-e1a31401\"><div class=\"vce-col-content\" data-vce-element-content=\"true\" data-vce-do-apply=\"padding el-e1a31401\"><div class=\"vce-single-image-container vce-single-image--align-center\"><div class=\"vce vce-single-image-wrapper\" id=\"el-99a8cec0\" data-vce-do-apply=\"all el-99a8cec0\" data-vce-animate=\"vce-o-animate--bounceInDown\"><figure><div class=\"vce-single-image-figure-inner\" style=\"width: 1199px;\"><div class=\"vce-single-image-inner vce-single-image--absolute vce-single-image--border-rounded\" style=\"width: 100%; padding-bottom: 94.3286%;\"><img loading=\"lazy\" decoding=\"async\" class=\"vce-single-image\"  width=\"1199\" height=\"1131\" srcset=\"https:\/\/ies.mx\/wp-content\/uploads\/2025\/11\/aniversario-potros-salvajess-26-320x302.png 320w, https:\/\/ies.mx\/wp-content\/uploads\/2025\/11\/aniversario-potros-salvajess-26-480x453.png 480w, https:\/\/ies.mx\/wp-content\/uploads\/2025\/11\/aniversario-potros-salvajess-26-800x755.png 800w, https:\/\/ies.mx\/wp-content\/uploads\/2026\/03\/aniversario-potros-salvajess-26-1199x1131.png 1199w\" src=\"https:\/\/ies.mx\/wp-content\/uploads\/2026\/03\/aniversario-potros-salvajess-26-1199x1131.png\" data-img-src=\"https:\/\/ies.mx\/wp-content\/uploads\/2025\/11\/aniversario-potros-salvajess-26.png\" data-attachment-id=\"2623\"  alt=\"\" title=\"aniversario potros salvajess 26\" \/><\/div><\/div><figcaption hidden=\"\"><\/figcaption><\/figure><\/div><\/div><div class=\"vce-shortcode\"><div class=\"vce-shortcode-wrapper vce\" id=\"el-45dd5705\" data-vce-do-apply=\"all el-45dd5705\"><button translate=\"no\" class=\"btg-button btg-button-1\" data-btnid=\"1\" data-url=\"https:\/\/ies.mx\/?page_id=2609\" data-action=\"link\" data-target=\"_self\">Aniversario Potros Salvajes<span class=\" btg-icon \"><\/span><\/button><\/div><\/div><\/div><\/div><\/div><div class=\"vce-col vce-col--md-24p vce-col--xs-1 vce-col--xs-last vce-col--xs-first vce-col--sm-last vce-col--sm-first vce-col--md-last vce-col--lg-last vce-col--xl-last\" id=\"el-93f5a78a\"><div class=\"vce-col-inner\" data-vce-do-apply=\"border margin background  el-93f5a78a\"><div class=\"vce-content-background-container\"><\/div><div class=\"vce-col-content\" data-vce-element-content=\"true\" data-vce-do-apply=\"padding el-93f5a78a\"><div class=\"vce-button--style-outline-container vce-button--style-outline-container--align-center\"><span class=\"vce-button--style-outline-wrapper vce vce-button--style-outline-wrapper--stretched\" id=\"el-8159bef0\" data-vce-do-apply=\"margin el-8159bef0\"><a class=\"vce-button vce-button--style-outline-animated vce-button--style-outline--border-square vce-button--style-outline--size-small vce-button--style-outline-animated--color-b-33-33-33--fff--3d3d3d vce-button--style-outline-animated--border-color-e3e3e3--3d3d3d vce-button--style-outline-animated--background-color-3d3d3d\" href=\"https:\/\/ies.mx\/?page_id=2540\" title=\"IES Zaragoza\" data-vce-do-apply=\"padding border background  el-8159bef0\"><span class=\"vce-button--style-outline-text\">IES Zaragoza<\/span><\/a><\/span><\/div><div class=\"vce-button--style-outline-container vce-button--style-outline-container--align-center\"><span class=\"vce-button--style-outline-wrapper vce vce-button--style-outline-wrapper--stretched\" id=\"el-a5da9259\" data-vce-do-apply=\"margin el-a5da9259\"><a class=\"vce-button vce-button--style-outline-animated vce-button--style-outline--border-square vce-button--style-outline--size-small vce-button--style-outline-animated--color-b-33-33-33--fff--3d3d3d vce-button--style-outline-animated--border-color-e3e3e3--3d3d3d vce-button--style-outline-animated--background-color-3d3d3d\" href=\"https:\/\/ies.mx\/?page_id=2565\" title=\"IES Tlatlauquitepec\" data-vce-do-apply=\"padding border background  el-a5da9259\"><span class=\"vce-button--style-outline-text\">IES Tlatlauquitepec<\/span><\/a><\/span><\/div><div class=\"vce-button--style-outline-container vce-button--style-outline-container--align-center\"><span class=\"vce-button--style-outline-wrapper vce vce-button--style-outline-wrapper--stretched\" id=\"el-1952e532\" data-vce-do-apply=\"margin el-1952e532\"><a class=\"vce-button vce-button--style-outline-animated vce-button--style-outline--border-square vce-button--style-outline--size-small vce-button--style-outline-animated--color-b-33-33-33--fff--3d3d3d vce-button--style-outline-animated--border-color-e3e3e3--3d3d3d vce-button--style-outline-animated--background-color-3d3d3d\" href=\"https:\/\/ies.mx\/?page_id=2648\" title=\"IES Libres\" data-vce-do-apply=\"padding border background  el-1952e532\"><span class=\"vce-button--style-outline-text\">IES Libres<\/span><\/a><\/span><\/div><div class=\"vce-button--style-outline-container vce-button--style-outline-container--align-center\"><span class=\"vce-button--style-outline-wrapper vce vce-button--style-outline-wrapper--stretched\" id=\"el-e4c5268c\" data-vce-do-apply=\"margin el-e4c5268c\"><a class=\"vce-button vce-button--style-outline-animated vce-button--style-outline--border-square vce-button--style-outline--size-small vce-button--style-outline-animated--color-b-33-33-33--fff--3d3d3d vce-button--style-outline-animated--border-color-e3e3e3--3d3d3d vce-button--style-outline-animated--background-color-3d3d3d\" href=\"https:\/\/ies.mx\/?page_id=2670\" title=\"IES Cuetzalan\" data-vce-do-apply=\"padding border background  el-e4c5268c\"><span class=\"vce-button--style-outline-text\">IES Cuetzalan<\/span><\/a><\/span><\/div><div class=\"vce-button--style-outline-container vce-button--style-outline-container--align-center\"><span class=\"vce-button--style-outline-wrapper vce vce-button--style-outline-wrapper--stretched\" id=\"el-e883b7b0\" data-vce-do-apply=\"margin el-e883b7b0\"><button class=\"vce-button vce-button--style-outline-animated vce-button--style-outline--border-square vce-button--style-outline--size-small vce-button--style-outline-animated--color-b-33-33-33--fff--3d3d3d vce-button--style-outline-animated--border-color-e3e3e3--3d3d3d vce-button--style-outline-animated--background-color-3d3d3d\" data-vce-do-apply=\"padding border background  el-e883b7b0\"><span class=\"vce-button--style-outline-text\">IES Zacapoaxtla<\/span><\/button><\/span><\/div><div class=\"vce-button--style-outline-container vce-button--style-outline-container--align-center\"><span class=\"vce-button--style-outline-wrapper vce vce-button--style-outline-wrapper--stretched\" id=\"el-7d8929e2\" data-vce-do-apply=\"margin el-7d8929e2\"><a class=\"vce-button vce-button--style-outline-animated vce-button--style-outline--border-square vce-button--style-outline--size-small vce-button--style-outline-animated--color-b-33-33-33--fff--3d3d3d vce-button--style-outline-animated--border-color-e3e3e3--3d3d3d vce-button--style-outline-animated--background-color-3d3d3d\" href=\"https:\/\/ies.mx\/?page_id=2702\" title=\"IES Teziutl\u00e1n\" data-vce-do-apply=\"padding border background  el-7d8929e2\"><span class=\"vce-button--style-outline-text\">IES Teziutl\u00e1n<\/span><\/a><\/span><\/div><div class=\"vce-button--style-outline-container vce-button--style-outline-container--align-center\"><span class=\"vce-button--style-outline-wrapper vce vce-button--style-outline-wrapper--stretched\" id=\"el-bd8a5825\" data-vce-do-apply=\"margin el-bd8a5825\"><a class=\"vce-button vce-button--style-outline-animated vce-button--style-outline--border-square vce-button--style-outline--size-small vce-button--style-outline-animated--color-b-33-33-33--fff--3d3d3d vce-button--style-outline-animated--border-color-e3e3e3--3d3d3d vce-button--style-outline-animated--background-color-3d3d3d\" href=\"https:\/\/ies.mx\/?page_id=2793\" title=\"IES Teziutl\u00e1n Normal Superior\" data-vce-do-apply=\"padding border background  el-bd8a5825\"><span class=\"vce-button--style-outline-text\">IES Teziutl\u00e1n Normal Sup.<\/span><\/a><\/span><\/div><\/div><\/div><\/div><\/div><\/div><\/div><div class=\"vce-row-container\" data-vce-boxed-width=\"true\"><div class=\"vce-row vce-row--col-gap-30 vce-row-equal-height vce-row-content--top\" vce-box-shadow=\"el-c3a1d846\" id=\"el-c3a1d846\" data-vce-do-apply=\"all el-c3a1d846\"><div class=\"vce-content-background-container\"><\/div><div class=\"vce-row-content\" data-vce-element-content=\"true\"><div class=\"vce-col vce-col--md-auto vce-col--xs-1 vce-col--xs-last vce-col--xs-first vce-col--sm-last vce-col--sm-first vce-col--md-last vce-col--lg-last vce-col--xl-last vce-col--md-first vce-col--lg-first vce-col--xl-first\" id=\"el-fb4b01e2\"><div class=\"vce-col-inner\" data-vce-do-apply=\"border margin background  el-fb4b01e2\"><div class=\"vce-col-content\" data-vce-element-content=\"true\" data-vce-do-apply=\"padding el-fb4b01e2\"><div class=\"vce-raw-html\"><div class=\"vce-raw-html-wrapper\" id=\"el-e91e9bd6\" data-vce-do-apply=\"all el-e91e9bd6\"><iframe loading=\"lazy\" src=\"https:\/\/www.ies-dl.net\/contacto\" width=\"1260\" height=\"1914\" style=\"border:none;overflow:hidden\" scrolling=\"yes\" frameborder=\"0\" allowfullscreen=\"true\"><\/iframe><\/div><\/div><\/div><\/div><\/div><\/div><\/div><\/div>\n","protected":false},"excerpt":{"rendered":"<p>P\u00e1gina PrincipalPlataformas IESEventosPol\u00edtica de PrivacidadPol\u00edtica de CalidadSEAESContactoIES ZaragozaIES TlatlauquitepecIES LibresIES CuetzalanIES ZacapoaxtlaIES Teziutl\u00e1nIES Teziutl\u00e1n Normal Sup.<\/p>\n","protected":false},"author":1,"featured_media":0,"parent":0,"menu_order":0,"comment_status":"closed","ping_status":"closed","template":"","meta":{"pagelayer_contact_templates":[],"_pagelayer_content":"","footnotes":""},"class_list":["post-2511","page","type-page","status-publish","hentry"],"_links":{"self":[{"href":"https:\/\/ies.mx\/index.php?rest_route=\/wp\/v2\/pages\/2511","targetHints":{"allow":["GET"]}}],"collection":[{"href":"https:\/\/ies.mx\/index.php?rest_route=\/wp\/v2\/pages"}],"about":[{"href":"https:\/\/ies.mx\/index.php?rest_route=\/wp\/v2\/types\/page"}],"author":[{"embeddable":true,"href":"https:\/\/ies.mx\/index.php?rest_route=\/wp\/v2\/users\/1"}],"replies":[{"embeddable":true,"href":"https:\/\/ies.mx\/index.php?rest_route=%2Fwp%2Fv2%2Fcomments&post=2511"}],"version-history":[{"count":30,"href":"https:\/\/ies.mx\/index.php?rest_route=\/wp\/v2\/pages\/2511\/revisions"}],"predecessor-version":[{"id":2802,"href":"https:\/\/ies.mx\/index.php?rest_route=\/wp\/v2\/pages\/2511\/revisions\/2802"}],"wp:attachment":[{"href":"https:\/\/ies.mx\/index.php?rest_route=%2Fwp%2Fv2%2Fmedia&parent=2511"}],"curies":[{"name":"wp","href":"https:\/\/api.w.org\/{rel}","templated":true}]}}